 Give z(7).
2
Suppose 2*v = -4*z + 16, 0 = -v + 3*z + 54 - 71. Let x(c) be the first derivative of c**2/2 - c + 1. What is x(v)?
-3
Let n(s) = -s**3 - 8*s**2 + 8*s - 2. Let z(k) = 0*k + k - 4*k - k**2 + 4*k. Let c(p) = n(p) - 6*z(p). What is c(-3)?
1
Let h(g) = 1 + 1 + 131*g**2 - 10*g - 130*g**2. Let n be h(10). Let l(t) = -4*t**3 + 5*t**3 + 0*t**2 + 2 + 0*t**2 - t. Calculate l(n).
8
Let p(l) = -2*l - 20. Let h(r) = -7. Let f(k) = 11*h(k) - 4*p(k). Calculate f(-3).
-21
Let b(c) = -2*c - 6. Let g(k) = k**3 + 8*k**2 - 5*k - 8. Let q be g(-8). Let i be ((-4)/(-4))/(q/10 - 3). Determine b(i).
-16
Let q be (-6)/(-18) + (-237)/9. Let c(j) = j**2 - 12*j + 10. Let b be c(8). Let n = b - q. Let u(w) = -2*w - 4. What is u(n)?
-12
Suppose 175 = 27*s + 40. Let h(t) = -2*t + 6. Give h(s).
-4
Let c = -2 + 6. Let h(t) = t**2 - 4*t + 3. Let a be h(c). Let k(d) = 4*d + 6. Let m(n) = 3*n + 7. Let b(g) = a*m(g) - 2*k(g). Calculate b(-4).
5
Let c(j) = j**2 - 4*j**2 + 4*j**2 - 9. Calculate c(0).
-9
Let k(i) = -2*i**2 + 3*i - 1. Let t(f) = 2*f**2 + 13*f - 22. Let n be t(-8). Calculate k(n).
-3
Let v(a) = -4*a**2 - 3. Let x(s) = -s + 0*s - 2 + 3. Let k(p) = -v(p) - 2*x(p). Determine k(-1).
3
Suppose 3*g + 223 = 229. Let o(b) = b**3 - 4*b**2 + 3*b. Calculate o(g).
-2
Let t(b) = 1. Let c(r) = -r + 3. Let n(i) = 2*c(i) + 3*t(i). Calculate n(-4).
17
Let s = 54 + -32. Let k = s - 4. Let n = k - 14. Let v(d) = -d**3 + 3*d**2 + 6*d - 1. Determine v(n).
7
Suppose -5*l - 15 = 2*j, -2*j + j + 6 = -2*l. Let d(p) be the first derivative of 10*p - 1/3*p**3 + 1/4*p**4 + 0*p**2 - 6. Calculate d(j).
10
Let r(i) be the second derivative of -i**5/20 + 5*i**4/4 - 13*i**3/6 - 13*i**2/2 - 39*i. Give r(14).
1
Let h(m) = m**3 + 7*m**2 + 6*m + 3. Let l be h(-6). Let c(b) = -b + b - 1 - b**2 + l*b. Suppose -x + z = -6, -x = -3*z - 9 - 1. Give c(x).
-5
Suppose -2*d - 101 = -7. Let u = -44 - d. Let w(s) = -2 - 4*s + 3*s + 4. What is w(u)?
-1
Suppose 0 = -4*v - 4*q - 19 - 9, 0 = 5*v + 4*q + 30. Let k be (-13)/52 + 17/4. Let p(l) = 3*l**2 + 0*l**2 + 2*l + 5*l**3 + 1 - k*l**3. Calculate p(v).
1
Suppose -14*p = 20 + 8. Let s(m) = 3*m - 2 - 3 + 9 - 3. Calculate s(p).
-5
Suppose 39*j = 16*j - 46. Let d(z) = -z**3 - z**2 + 4*z + 5. Let x(u) = u**3 + u**2 - 3*u - 4. Let a(g) = 2*d(g) + 3*x(g). Give a(j).
-4
Suppose 71*n - 76*n = -5. Let q(u) = 4*u**3 - u**2 + 2*u. Determine q(n).
5
Suppose 4*c = -p + 4, p + 3*c = 3 - 0. Let q be 6*(0 - (3 - (p - -2))). Let n(j) = -j**2 - 8*j - 4. What is n(q)?
8
Let o(t) = t**3 - 3*t**2 - t - 1. Let x(m) = -6*m**3 + 9*m**2 + 13*m + 14. Let f(k) = -5*o(k) - x(k). Give f(-7).
-2
Suppose -1115*q + 1123*q - 24 = 0. Let d(h) = -2*h**3 + 7*h**2 - 3. What is d(q)?
6
Let d(a) = a**2 + 5*a + 2. Let i be d(-5). Suppose -4 = i*v - 4*v. Let x(j) = 6*j**2 + 3*j - 2*j + 0*j**v + 1. What is x(-1)?
6
Let l(r) = -r**2 - 5*r + 5. Suppose -5*i - 1 = -11. Suppose z = 2, j - 5*z = 3*j - i. Determine l(j).
9
Let a = 18 + -13. Suppose -3*f + 38 = a. Let l = f + -13. Let k(x) = x**2 - x - 2. Calculate k(l).
4
Let v(m) = -m**3 + 3*m**2 - 1. Suppose 0 = -4*p + 3*k + 22, 3*p = -k + 5*k + 13. Suppose -4*o - 6 = -p*o. Suppose o*j = -y + 7, 0 = -7*y + 2*y + 15. Give v(j).
3
Let c(t) = -t**2 - 8*t - 5. Suppose 2*d + 28 = h, -2*d - 19 = -3*h + 49. Suppose 5*p + h = 0, -3*p + 4 = 4*z + 16. Suppose z = -4*g + 8 - 32. Give c(g).
7
Let d(n) = 6*n**3 - n**2 - n - 1. Let l(a) = a**2 + 11*a + 9. Let o be l(-11). Suppose -5*p - o = -4. Calculate d(p).
-7
Let s(b) = b**3 - 10*b**2 + 10*b - 6. Let d = 1888 + -1879. Determine s(d).
3
Let f(g) = g**2 - g - 1. Suppose -5*p = -4*c + 12, 0*p - 2*p + c - 3 = 0. Let o be -1 - p/(-8 - -3). Determine f(o).
1
Suppose -7*z - 14 = -8*z. Let j be z/(-12) - (-2)/12. Let g(p) = -13*p + 1. Calculate g(j).
14
Let a be 6/(-27) + 282/54. Let r(m) = -4*m**2 + a*m**2 + 2*m - 6*m - 2 - 6. Calculate r(6).
4
Let l(u) = 3 + 6 - 4 + 19*u - 4 - 2. Calculate l(-2).
-39
Let y be (-4)/10 - 96/(-15). Let b(r) be the first derivative of -r**3/3 + 3*r**2 - 6*r + 131. Calculate b(y).
-6
Suppose 5*x = -2*d + 87, 2*x - 4*x - 290 = -5*d. Let i = d + -59. Let h(o) = o**2 + 3*o - 4. What is h(i)?
-4
Let m = -3 - -9. Suppose -1 = 2*a - 13. Suppose 0 = -3*i + a*i + m. Let l(x) = -x + 2. Calculate l(i).
4
Let u(c) = -5*c**2 - 1. Let v(r) = r**3 - 8*r - 3. Let j be v(-3). Let z be 4 + (-2)/(-1) + j. Let n be 2 - z - (-2)/(-2). Give u(n).
-6
Let m(r) be the third derivative of -r**6/120 - r**5/30 - r**4/6 - r**3/2 - 39*r**2. What is m(-3)?
18
Let x be 2 - (1 + -2 + 0). Suppose 6*f - 3*f = -x. Let q(z) = 5*z**3 + 102*z**2 - 1 - z + 101*z**2 - 203*z**2 - z**3. Give q(f).
-4
Let g(d) = d**2 - 7*d. Let n(t) = -t**2 - t - 1. Let v be n(-3). Let f = -15 - v. Let m = 14 + f. Give g(m).
-6
Let r(p) = -p - 8. Let y be ((-97)/2 + -1)/((-6)/(-16)). Let m be y/15 + (-64)/20 + 3. Determine r(m).
1
Suppose 4*s - 8*s + 40 = -2*n, 0 = -5*n. Let c be -1*5/s*0/2. Let f(x) = x**2 - x + 5*x**2 - 5*x**2. Calculate f(c).
0
Let u(o) = 6 + 3679*o**2 - 1840*o**2 - 1838*o**2 - 17*o. Give u(17).
6
Let z(x) = 3*x**2 + x**2 - 9*x + 0*x**2 - x**2 + 15. What is z(6)?
69
Let m(k) be the third derivative of -k**4/12 + k**3/2 + 36*k**2 - 2*k. What is m(-5)?
13
Suppose 4*a + 2*g + 3 = 5, -3*g + 3 = 0. Suppose 0*t + 3*t = a. Let i(u) be the second derivative of -u**3/6 + 5*u**2 - 209*u + 3. Determine i(t).
10
Let n(l) = -l**2 + 2*l - 2. Suppose -26*m = 32*m + 174. What is n(m)?
-17
Let m(i) = -3*i + 2. Let v(x) = 2*x**2 + 6*x. Let s be v(-4). Suppose -3*q + s*q = -4*h - 24, 0 = 2*q - 5*h + 36. Let p = q + 11. What is m(p)?
-7
Let n = -67 + 62. Let p be (-48)/150*n*(1 - 6). Let u(a) = a**3 + 7*a**2 - 11*a - 6. Calculate u(p).
18
Let g(j) = -j + 13. Let h(s) = -6*s + 91. Let q(k) = 21*g(k) - 3*h(k). Let x be -1 + (-6)/(0 - 2). Give q(x).
-6
Let d(m) = -m - 13. Let f(l) = -3*l - 27. Let a(u) = -7*d(u) + 3*f(u). Suppose -26 = -4*t - 3*i, -3*t - 53 = -3*i - 83. Calculate a(t).
-6
Let t(b) = -b**2 - 43 - 19 - 52*b + 94*b - 25*b. Calculate t(5).
-2
Let y(p) = 702 - 4*p - 707 + 2*p. What is y(3)?
-11
Let s(v) be the third derivative of v**4/24 - v**3/6 - v**2. Suppose -b - 2*h - 16 = -3*b, -2*h - 8 = 0. Suppose 5*d + b = 6*d. Give s(d).
3
Let y(d) = -d**2 + 2. Suppose -3*j - j = -32. Let p be 4 - 6*(-4)/j. Let f = p - 10. Determine y(f).
-7
Let j(f) = 40 + 48 + f**3 - 12*f**2 + 11*f - 87. Calculate j(11).
1
Let k(a) = 15*a**2 - 3*a - 100 + 31 + 37 + 34. Calculate k(2).
56
Let z(q) = -3*q + 6*q - 3 - q. Let w(r) = -r**3 - 6*r**2 + 14*r - 11. Let j = 13 + -21. Let b be w(j). What is z(b)?
7
Let g(a) = a**3 + a**2 + a - 5. Let n = 33 - 37. Let l be -1*(-2)/n*0/(-5). Calculate g(l).
-5
Suppose 0 = -10*t - 31*t - 246. Let y(q) = -q + 12. Let l(c) = 4. Let k(g) = -7*l(g) + 2*y(g). Determine k(t).
8
Let b(a) be the third derivative of 0*a - 1/12*a**4 - 1/60*a**5 - 1/3*a**3 - 9*a**2 + 0 + 1/60*a**6. Give b(-2).
-18
Let w(h) = -h**2 + 2*h - 2. Suppose -m + 3*x - 2*x = 0, 0 = -4*m - 3*x + 35. What is w(m)?
-17
Suppose 12*c + 6 = 14*c. Let j be c + 0 - (-7 - -64). Let s be (-312)/j - 6/(-27). Let q(z) = 2*z - 1. What is q(s)?
11
Let o(y) = 1. Let c(l) = -2*l**2 + l - 5. Let q(b) = -c(b) - 6*o(b). Let g = 1 - -3. Let k be ((-24)/18)/(g/(-6)). What is q(k)?
5
Let b(l) = -2*l - 7. Let f be (2 + 4)*2/(-3). What is b(f)?
1
Let p(s) = s**2 + 3*s + 6. Let v be p(3). Suppose -3 = 3*n - v. Let o(z) = z**3 - 7*z**2 + z + 2. What is o(n)?
9
Let x(a) = a**2. Let w(q) = -6*q**2 - q**2 - 3 + 4*q + 8*q**2. Let j(c) = w(c) - 2*x(c). Calculate j(4).
-3
Suppose -15*o - 82 = -17*o. Let l = o + -35. Let d(v) = -v**3 + 6*v**2 + 7. Give d(l).
7
Let k(i) = i**2 + 5*i - 23. Let h = 1510 - 1518. Give k(h).
1
Let m(h) = 2*h + 7 - 8 + 0*h. Let s(c) be the second derivative of -c**4/12 - c**3 + 9*c**2 - 10*c. Let o be s(-8). Give m(o).
3
Let x(u) = 5*u**3 + 51 - 18*u - 2*u**2 - u**3 + 8*u**2 - 20*u**2 - 3*u**3. What is x(15)?
6
Let y(g) = g**2 + 5*g + 1. Suppose 8*a = 5*a + n - 12, 4*a - n = -16. Let q(l) = 2*l + 1 - l + 1. Let m be q(a). Give y(m).
-5
Let s(y) = y**2 - 8*y + 7. Let n be s(6). Suppose -3*d + 36 = 4*w, w - 2*d + 3 - 12 = 0. Let m(p) = 4 - 17 - 2*p + w. Determine m(n).
6
Let i(j) = 3*j - 3. Let c be (-2 - -2)*-1 + 3. What is i(c)?
6
Let n(x) = x**3 - 3*x**2 - 3*x